f m?
11
Let u be (-1 - 0)/(2/(-4)). What are the prime factors of 25 - 1 - (1 + u)?
3, 7
Suppose 0 = -4*d + 2 + 6. Suppose d*f + 11 = -13. Let g = 5 - f. What are the prime factors of g?
17
Let l be (-4)/(-18) + (-1304)/36. What are the prime factors of (1 + 2)*l/(-4)?
3
Let u(q) = -q**3 - 5*q**2 + 6*q - 4. What are the prime factors of u(-7)?
2, 13
Let g = 2 - -2. Suppose 33 = i - g*i. What are the prime factors of (-2)/(2*1/i)?
11
Let y(h) = 10*h - 3. Let p be y(-3). Let b = p - -20. Let c = -4 - b. What are the prime factors of c?
3
Let i(p) = -3*p + 1. Let v be i(-1). Let n(s) = s**2 + s + 1. Let a(k) = 5*k**2 + 6*k + 6. Let o(b) = -2*a(b) + 11*n(b). List the prime factors of o(v).
11
Let j(l) = l**2 + 4*l + 3. Let v be j(-3). Suppose 6*d = t + 2*d + 5, v = 5*t - 4*d - 23. What are the prime factors of t?
7
Suppose 8 = -7*o + 5*o, 5*j + 2*o = 857. What are the prime factors of j?
173
Suppose -4*m + 85 = -0*s + 5*s, 3*s = 3*m - 84. Let a(n) = -3*n + 19. Let o be a(11). What are the prime factors of (-7)/o + m/2?
13
Let y be -3*((-816)/9)/4. Suppose -5*x + 87 + y = 0. List the prime factors of x.
31
Suppose 2*o - 4*p = -2, 3*o + 8 = p + 4*p. Let b = 33 + -41. Let r = b - o. What are the prime factors of r?
3
Let b(g) = -g**2 - 7*g + 1. Let f be ((-6)/8)/(1/4). Let o(q) = q**3 + 4*q**2 + 4*q - 1. Let p be o(f). List the prime factors of b(p).
13
Let f be (-3)/(-15) + (-202)/10. Let m be 5/f - (-18)/8. Suppose -m*u + 0*u = -8. List the prime factors of u.
2
List the prime factors of (-27)/18*4/6*-41.
41
Suppose 12 = 3*i - 0*i. Suppose -s + 6 = 3*c - 3, 4*c = i*s - 4. What are the prime factors of s?
3
Suppose 0 = -d - d + 42. Let k = -8 + d. What are the prime factors of k?
13
Suppose 0 = -2*a + 13 + 15. Let t be (-80)/a - 4/14. Let z(g) = -g**3 - 5*g**2 + 4*g. What are the prime factors of z(t)?
2, 3
Let j = -8 + 12. Suppose -5*f - 11 = -2*y, -y = 3*y - 3*f - 15. Suppose -y*o = -o - j. List the prime factors of o.
2
Let c(j) = j**2 - 3*j. Let f be c(4). Suppose f = y + 1. List the prime factors of y.
3
Suppose 3*b - 28 = -1. Let h = b + -4. List the prime factors of h.
5
List the prime factors of (-640)/(-25) + 4/10.
2, 13
Suppose -5*f + 246 + 394 = 0. What are the prime factors of f?
2
Suppose -2*z + 5*m = -5*z - 10, 0 = -2*z + 3*m + 25. Suppose z*s = -0*s. Suppose s*t = 2*t - 4. List the prime factors of t.
2
Suppose 5*c + 2*k + 6 = -13, 0 = -5*c + 2*k - 11. Let i = -18 - -15. What are the prime factors of (-29)/i + 2/c?
3
Let j = 24 - 3. List the prime factors of j.
3, 7
Let w(q) = q + 4. Suppose -5*x + 3*j + 21 = 0, -17 = -5*x - 0*x + j. List the prime factors of w(x).
7
Suppose -z = -0*z - 310. What are the prime factors of z?
2, 5, 31
Let h = 504 - 293. What are the prime factors of h?
211
What are the prime factors of ((-1)/3)/((-11)/198)?
2, 3
Suppose 0 = 5*c - 3*k + 5, c + 15 = 3*k + 2. Let r be (2/c)/((-2)/(-4)). Suppose -4*a + 4*v = -72, 4*a + 3*v - 72 = r*v. What are the prime factors of a?
2, 3
Let r(n) = 3*n**2 - n + 1. What are the prime factors of r(2)?
11
Suppose -3*g + a = -0*g - 528, 5*g - 880 = -3*a. What are the prime factors of g?
2, 11
List the prime factors of -3 + 2 + 0 + 271.
2, 3, 5
Let h = 66 + -38. List the prime factors of h.
2, 7
Let f(g) = -g + 0 + 0 - 3. Let b be f(-4). Suppose b = -5*u + 21. What are the prime factors of u?
2
Let b = -24 + 49. What are the prime factors of b?
5
Let o(g) = g**2 - g - 11. What are the prime factors of o(6)?
19
Let k be (-6 - -7)*4/2. List the prime factors of (k/((-4)/22))/(-1).
11
Suppose 20 = -3*b + 2*j + 3*j, -5*b - 2*j = -8. Suppose 0 = -4*i + 12 - b. List the prime factors of i.
3
Suppose -y + 144 = -4*y. List the prime factors of ((-2)/4)/(3/y).
2
Let x = -2 + 5. Suppose 0 = -d - x + 10. What are the prime factors of d?
7
Let v be (-3)/1*1/(-3). Let r = 6 - v. What are the prime factors of r?
5
Let q(l) = -15*l - 12. What are the prime factors of q(-17)?
3
Suppose -2*u + 6*i - 2*i + 142 = 0, -i = 3*u - 185. What are the prime factors of u?
3, 7
Let w be ((-45)/(-30))/(3/16). Let u(a) = 3*a - 15. List the prime factors of u(w).
3
Let w(z) = -z + 6. Let c be w(6). Suppose -4*r + 2*r + 52 = c. List the prime factors of r.
2, 13
Suppose 5*w = t - 20, -5*t = 2*w + 32 + 3. Let f(b) = -5*b - 5. What are the prime factors of f(t)?
2, 5
Let d(q) = 44*q - 5. Let x be d(2). Suppose -2*l + i = -l - 31, -2*l - 5*i + x = 0. List the prime factors of l.
2, 17
Suppose 4*d + 2*f = 3 + 17, 0 = 5*d - 5*f - 10. Suppose 22 = 2*j + d. What are the prime factors of j?
3
Let l(n) = -n**2 - 8*n - 11. Let o(i) = -i - 1. Let w(p) = -l(p) + 6*o(p). Let j be 1 + -1 - (3 + 1). List the prime factors of w(j).
13
Suppose -123 + 6 = -v. What are the prime factors of v?
3, 13
Suppose -4*i + 3*s - s - 52 = 0, -3*i - 4*s = 28. Let m be (-39)/65 + (-264)/10. Let y = i - m. What are the prime factors of y?
3, 5
What are the prime factors of (-6)/(-4) + (-309)/(-6)?
53
Let y = -6 - 8. Let o = 23 + y. List the prime factors of o.
3
Suppose -b + 3 = -0. Let n = -2 + b. Let t(k) = 4*k. List the prime factors of t(n).
2
Suppose 4*x - 2*u = 18, -3*u - 2 = 4*x - u. Suppose -44 = -4*i + x*i. What are the prime factors of i?
2, 11
What are the prime factors of 2*(-4)/(-48) - 2266/(-12)?
3, 7
Let p be (-2)/9 + (-20)/(-9). List the prime factors of p/9 - (-620)/45.
2, 7
Let w(r) = r**3 - r**2 - 9*r + 47. List the prime factors of w(8).
3, 47
Let b = -6 + 8. Suppose 4*c = b + 22. List the prime factors of c/5*(2 - -3).
2, 3
Let l(i) = i + 6. Let k(m) = 4*m + 19. Let g(t) = 2*k(t) - 7*l(t). Let y(n) = n**3 - 8*n**2 + 7*n + 8. Let c be y(7). List the prime factors of g(c).
2
Suppose 2*k - 24 = -k. Suppose -11*t + 42 = -k*t. List the prime factors of t.
2, 7
Suppose -2*d = 5*n - 20, -d - 2*n = 3*d - 72. List the prime factors of d.
2, 5
Suppose -27 = -f - 2*f - 5*g, 2*f - g - 31 = 0. Suppose -7*a - 140 = -f*a. What are the prime factors of a?
2, 5
Let m(v) = v. Let h(a) = -5*a + 1. Let z(j) = h(j) - 4*m(j). What are the prime factors of z(-3)?
2, 7
Let z be -12*-14*(-2)/(-16). Let l = z + 4. What are the prime factors of l?
5
Let o = 160 + -60. List the prime factors of o.
2, 5
Let r(m) = -m**3 + 3*m**2 + 7*m + 2. Let x be r(5). Let s = x - -34. What are the prime factors of s?
3, 7
Suppose -j + 6*j = 60. List the prime factors of (4 + -79)*(-4)/j.
5
Let u(y) = y**3 - 6*y**2 + 2*y + 3. Let v be u(4). What are the prime factors of (v/2)/((-6)/8)?
2, 7
Let q(g) = -g**2 - 5*g + 3. Let b be q(-5). Suppose 0*r + 36 = b*r. What are the prime factors of r?
2, 3
Let z = -5 - -3. Let j be 7/4 - z/8. Suppose -j*d + 0*d + 26 = 0. What are the prime factors of d?
13
Suppose -6*r = -7*r + 19. Let q = r - 16. List the prime factors of q.
3
Suppose -3*w + 49 = -164. List the prime factors of w.
71
Suppose 1 - 7 = 3*x. Let s = x - -8. Let k(a) = a**2 - 6*a + 3. What are the prime factors of k(s)?
3
Suppose 1 = -i, -k + i + 13 = 4*i. List the prime factors of k.
2
Suppose 5*n + 37 = -28. Suppose 0 = 2*v - 3*j + 45, -6 = -3*j - 3. Let s = n - v. List the prime factors of s.
2
Let r(o) = o**3 + o**2 + 2*o + 1. Let m(a) = a**2 + 2*a + 1. Let w(b) = 3*m(b) - 2*r(b). Suppose u + 1 = -0*u. List the prime factors of w(u).
2
Let u be (-2)/(-4) - 1/2. Suppose -4*p = -2*a, 4*p + 0 = 3*a + 2. What are the prime factors of a + (1 - (-9 + u))?
2
Let z = -69 + 33. Let c be -5 + 3 + -21 - (2 + 0). Let y = c - z. List the prime factors of y.
11
Let q(f) = -4*f**3 + 2*f**2 + f. Let v be q(-1). Let k = 88 + -62. Suppose -s = -0*w - w + 2, k = v*s + 4*w. List the prime factors of s.
2
Let g(q) = -q**3 - 8*q**2 + 8*q - 1. What are the prime factors of g(-9)?
2
Suppose 0 = 2*z + 15 - 157. What are the prime factors of z?
71
Let n(a) be the second derivative of 0 + 5/2*a**2 - 1/6*a**3 + 5/12*a**4 - 1/20*a**5 + a. List the prime factors of n(4).
17
What are the prime factors of 1/4 + (-3)/((-36)/861)?
2, 3
Let g = 14 - 12. What are the prime factors of 264/40 - g/(-5)?
7
What are the prime factors of 2/3*2568/16?
107
Suppose -q + 2 = -2. Suppose -q*z - 92 + 244 = 0. List the prime factors of z.
2, 19
What are the prime factors of (-494)/(-8) + (-5)/40*-2?
2, 31
Suppose 4*s + 28 = 2*x, 32 - 124 = -3*x - 4*s. List the prime factors of x.
2, 3
Let w(x) = 3*x + 